{"id":15206,"date":"2021-10-19T21:51:11","date_gmt":"2021-10-20T02:51:11","guid":{"rendered":"http:\/\/casap.science\/casap-2021\/?page_id=15206"},"modified":"2021-11-02T16:32:54","modified_gmt":"2021-11-02T21:32:54","slug":"agenda-noviembre-05","status":"publish","type":"page","link":"https:\/\/casap.science\/casap-2021\/agenda-noviembre-05\/","title":{"rendered":"Agenda &#8211; Noviembre 05"},"content":{"rendered":"\t\t<div data-elementor-type=\"wp-page\" data-elementor-id=\"15206\" class=\"elementor elementor-15206\">\n\t\t\t\t\t\t<section class=\"elementor-section elementor-top-section elementor-element elementor-element-5f20f87 elementor-section-boxed elementor-section-height-default elementor-section-height-default\" data-id=\"5f20f87\" data-element_type=\"section\" data-e-type=\"section\" data-settings=\"{&quot;background_background&quot;:&quot;classic&quot;,&quot;ekit_section_parallax_bg&quot;:&quot;yes&quot;,&quot;ekit_section_parallax_bg_speed&quot;:0.1}\">\n\t\t\t\t\t\t\t<div class=\"elementor-background-overlay\"><\/div>\n\t\t\t\t\t\t\t<div class=\"elementor-container elementor-column-gap-no\">\n\t\t\t\t\t<div class=\"elementor-column elementor-col-100 elementor-top-column elementor-element elementor-element-3cf0947\" data-id=\"3cf0947\" data-element_type=\"column\" data-e-type=\"column\" data-settings=\"{&quot;background_background&quot;:&quot;classic&quot;}\">\n\t\t\t<div class=\"elementor-widget-wrap elementor-element-populated\">\n\t\t\t\t\t\t<section class=\"elementor-section elementor-inner-section elementor-element elementor-element-f94b073 animated-slow elementor-section-boxed elementor-section-height-default elementor-section-height-default elementor-invisible\" data-id=\"f94b073\" data-element_type=\"section\" data-e-type=\"section\" data-settings=\"{&quot;animation&quot;:&quot;fadeInUp&quot;}\">\n\t\t\t\t\t\t<div class=\"elementor-container elementor-column-gap-default\">\n\t\t\t\t\t<div class=\"elementor-column elementor-col-100 elementor-inner-column elementor-element elementor-element-abe318d\" data-id=\"abe318d\" data-element_type=\"column\" data-e-type=\"column\">\n\t\t\t<div class=\"elementor-widget-wrap elementor-element-populated\">\n\t\t\t\t\t\t<div class=\"elementor-element elementor-element-af2883f elementor-widget elementor-widget-elementskit-heading\" data-id=\"af2883f\" data-element_type=\"widget\" data-e-type=\"widget\" data-settings=\"{&quot;ekit_we_effect_on&quot;:&quot;none&quot;}\" data-widget_type=\"elementskit-heading.default\">\n\t\t\t\t<div class=\"elementor-widget-container\">\n\t\t\t\t\t<div class=\"ekit-wid-con\" ><div class=\"ekit-heading elementskit-section-title-wraper text_center   ekit_heading_tablet-   ekit_heading_mobile-\"><h3 class=\"ekit-heading--title elementskit-section-title \">Agenda CASAP VIII<\/h3><h3 class=\"ekit-heading--subtitle elementskit-section-subtitle  \">\n\t\t\t\t\t\tNoviembre 03 al 05 de 2021\n\t\t\t\t\t<\/h3>\t\t\t\t<div class='ekit-heading__description'>\n\t\t\t\t\t<p>*Esta es una agenda inicial, se estar\u00e1 actualizando constantemente hasta el d\u00eda del evento con la inclusi\u00f3n de nuevos espacios!<br \/>\nContaremos con traducci\u00f3n simultanea<\/p>\n\t\t\t\t<\/div>\n\t\t\t<\/div><\/div>\t\t\t\t<\/div>\n\t\t\t\t<\/div>\n\t\t\t\t\t<\/div>\n\t\t<\/div>\n\t\t\t\t\t<\/div>\n\t\t<\/section>\n\t\t\t\t\t<\/div>\n\t\t<\/div>\n\t\t\t\t\t<\/div>\n\t\t<\/section>\n\t\t\t\t<section class=\"elementor-section elementor-top-section elementor-element elementor-element-5f06cb9 elementor-section-boxed elementor-section-height-default elementor-section-height-default\" data-id=\"5f06cb9\" data-element_type=\"section\" data-e-type=\"section\">\n\t\t\t\t\t\t<div class=\"elementor-container elementor-column-gap-default\">\n\t\t\t\t\t<div class=\"elementor-column elementor-col-100 elementor-top-column elementor-element elementor-element-c2a0403\" data-id=\"c2a0403\" data-element_type=\"column\" data-e-type=\"column\">\n\t\t\t<div class=\"elementor-widget-wrap elementor-element-populated\">\n\t\t\t\t\t\t<section class=\"elementor-section elementor-inner-section elementor-element elementor-element-4b437b4 elementor-section-boxed elementor-section-height-default elementor-section-height-default\" data-id=\"4b437b4\" data-element_type=\"section\" data-e-type=\"section\">\n\t\t\t\t\t\t<div class=\"elementor-container elementor-column-gap-default\">\n\t\t\t\t\t<div class=\"elementor-column elementor-col-100 elementor-inner-column elementor-element elementor-element-9b90ace\" data-id=\"9b90ace\" data-element_type=\"column\" data-e-type=\"column\">\n\t\t\t<div class=\"elementor-widget-wrap elementor-element-populated\">\n\t\t\t\t\t\t<div class=\"elementor-element elementor-element-57aad90 _btn_agenda_cs elementor-widget elementor-widget-heading\" data-id=\"57aad90\" data-element_type=\"widget\" data-e-type=\"widget\" data-settings=\"{&quot;ekit_we_effect_on&quot;:&quot;none&quot;}\" data-widget_type=\"heading.default\">\n\t\t\t\t<div class=\"elementor-widget-container\">\n\t\t\t\t\t<h3 class=\"elementor-heading-title elementor-size-default\"><a href=\"http:\/\/casap.science\/casap-2021\/agenda-noviembre-03\/\"><b>CASAP VIII \u2013 D\u00eda 1 <\/b><br>noviembre 3, 2021<\/a><\/h3>\t\t\t\t<\/div>\n\t\t\t\t<\/div>\n\t\t\t\t<div class=\"elementor-element elementor-element-a7919ed _btn_agenda_cs elementor-widget elementor-widget-heading\" data-id=\"a7919ed\" data-element_type=\"widget\" data-e-type=\"widget\" data-settings=\"{&quot;ekit_we_effect_on&quot;:&quot;none&quot;}\" data-widget_type=\"heading.default\">\n\t\t\t\t<div class=\"elementor-widget-container\">\n\t\t\t\t\t<h3 class=\"elementor-heading-title elementor-size-default\"><a href=\"http:\/\/casap.science\/casap-2021\/agenda-noviembre-04\"><b>CASAP VIII \u2013 D\u00eda 2 <\/b><br>noviembre 4, 2021<\/a><\/h3>\t\t\t\t<\/div>\n\t\t\t\t<\/div>\n\t\t\t\t<div class=\"elementor-element elementor-element-b9af9c9 _btn_agenda_cs active elementor-widget elementor-widget-heading\" data-id=\"b9af9c9\" data-element_type=\"widget\" data-e-type=\"widget\" data-settings=\"{&quot;ekit_we_effect_on&quot;:&quot;none&quot;}\" data-widget_type=\"heading.default\">\n\t\t\t\t<div class=\"elementor-widget-container\">\n\t\t\t\t\t<h3 class=\"elementor-heading-title elementor-size-default\"><a href=\"http:\/\/casap.science\/casap-2021\/agenda-noviembre-05\"><b>CASAP VIII \u2013 D\u00eda 3 <\/b><br>noviembre 5, 2021<\/a><\/h3>\t\t\t\t<\/div>\n\t\t\t\t<\/div>\n\t\t\t\t\t<\/div>\n\t\t<\/div>\n\t\t\t\t\t<\/div>\n\t\t<\/section>\n\t\t\t\t<section class=\"elementor-section elementor-inner-section elementor-element elementor-element-31499d5 elementor-section-boxed elementor-section-height-default elementor-section-height-default\" data-id=\"31499d5\" data-element_type=\"section\" data-e-type=\"section\">\n\t\t\t\t\t\t<div class=\"elementor-container elementor-column-gap-default\">\n\t\t\t\t\t<div class=\"elementor-column elementor-col-100 elementor-inner-column elementor-element elementor-element-95e500c\" data-id=\"95e500c\" data-element_type=\"column\" data-e-type=\"column\">\n\t\t\t<div class=\"elementor-widget-wrap elementor-element-populated\">\n\t\t\t\t\t\t<div class=\"elementor-element elementor-element-919332c elementor-widget elementor-widget-heading\" data-id=\"919332c\" data-element_type=\"widget\" data-e-type=\"widget\" data-settings=\"{&quot;ekit_we_effect_on&quot;:&quot;none&quot;}\" data-widget_type=\"heading.default\">\n\t\t\t\t<div class=\"elementor-widget-container\">\n\t\t\t\t\t<h2 class=\"elementor-heading-title elementor-size-default\">VIERNES NOVIEMBRE 5<\/h2>\t\t\t\t<\/div>\n\t\t\t\t<\/div>\n\t\t\t\t\t<\/div>\n\t\t<\/div>\n\t\t\t\t\t<\/div>\n\t\t<\/section>\n\t\t\t\t<section class=\"elementor-section elementor-inner-section elementor-element elementor-element-ecf4dbb elementor-section-boxed elementor-section-height-default elementor-section-height-default\" data-id=\"ecf4dbb\" data-element_type=\"section\" data-e-type=\"section\">\n\t\t\t\t\t\t<div class=\"elementor-container elementor-column-gap-default\">\n\t\t\t\t\t<div class=\"elementor-column elementor-col-100 elementor-inner-column elementor-element elementor-element-aeeeec1\" data-id=\"aeeeec1\" data-element_type=\"column\" data-e-type=\"column\">\n\t\t\t<div class=\"elementor-widget-wrap elementor-element-populated\">\n\t\t\t\t\t\t<div class=\"elementor-element elementor-element-5a3d163 elementor-widget elementor-widget-shortcode\" data-id=\"5a3d163\" data-element_type=\"widget\" data-e-type=\"widget\" data-settings=\"{&quot;ekit_we_effect_on&quot;:&quot;none&quot;}\" data-widget_type=\"shortcode.default\">\n\t\t\t\t<div class=\"elementor-widget-container\">\n\t\t\t\t\t\t\t<div class=\"elementor-shortcode\">\n<table id=\"tablepress-3\" class=\"tablepress tablepress-id-3 tbody-has-connected-cells\">\n<thead>\n<tr class=\"row-1\">\n\t<th class=\"column-1\">HORA<\/th><th colspan=\"2\" class=\"column-2\">Auditorio 1 (espa\u00f1ol)<br \/>\n<\/th>\n<\/tr>\n<\/thead>\n<tbody class=\"row-striping row-hover\">\n<tr class=\"row-2\">\n\t<td class=\"column-1\">8:00<\/td><td colspan=\"2\" class=\"column-2\"><div class=\"flex_col\"><span><b>4 salas simult\u00e1neas de Ponencias.<\/b><br> Cada hora exponen dos personas en cada sala. <br>TOTAL = 32 ponencias<\/span><a href=\"http:\/\/casap.science\/casap-2021\/wp-content\/uploads\/2021\/10\/Agenda-Ponencias-CASAP-nov-5-1.pdf\" target=\"_blank\" rel=\"noopener\">Ver todas las ponencias<\/a><\/div><\/td>\n<\/tr>\n<tr class=\"row-3\">\n\t<td class=\"column-1\">9:00<\/td><td colspan=\"2\" class=\"column-2\"><b>SDA<\/b><br \/>\nPlan Aire desde una visi\u00f3n t\u00e9cnica\t<\/td>\n<\/tr>\n<tr class=\"row-4\">\n\t<td class=\"column-1\">10:00<\/td><td colspan=\"2\" class=\"column-2\"><b>IDEAM<\/b><br \/>\nResultados informe de calidad del aire 2019.<\/td>\n<\/tr>\n<tr class=\"row-5\">\n\t<td class=\"column-1\">11:00<\/td><td colspan=\"2\" class=\"column-2\"><b>Eduardo Uribe<\/b><br \/>\nEl gas natural en la estrategia de transici\u00f3n energ\u00e9tica y de mejoramiento de la calidad del aire<br\/> en las ciudades de Colombia<br \/>\n<\/td>\n<\/tr>\n<tr class=\"row-6\">\n\t<td class=\"column-1\">12:00<\/td><td colspan=\"2\" class=\"column-2\"><b>Luis Guillermo Aristizabal<\/b><br \/>\n Calidad de Combustibles, evoluci\u00f3n alineada con la transici\u00f3n energ\u00e9tica<\/td>\n<\/tr>\n<tr class=\"row-7\">\n\t<td class=\"column-1\">13:00<\/td><td colspan=\"2\" class=\"column-2\">(P) FORO: \"Industrias por un aire limpio con acciones visibles y efectivas\"<\/td>\n<\/tr>\n<tr class=\"row-8\">\n\t<td class=\"column-1\">14:00 - 15:00<\/td><td colspan=\"2\" class=\"column-2\">(P) CONVERSATIORIO: \"Gesti\u00f3n P\u00fablica por un Mejor Aire en Nuestras Ciudades Latinoamericanas\"\t<\/td>\n<\/tr>\n<tr class=\"row-9\">\n\t<td rowspan=\"3\" class=\"column-1\">15:00 - 16:00<\/td><td colspan=\"2\" rowspan=\"3\" class=\"column-2\">(P) Despedida al congreso - Premiaci\u00f3n a ganadores - CASAP IX - Despedida musical\t<\/td>\n<\/tr>\n<tr class=\"row-10\">\n\t\n<\/tr>\n<tr class=\"row-11\">\n\t\n<\/tr>\n<\/tbody>\n<\/table>\n<!-- #tablepress-3 from cache --><\/div>\n\t\t\t\t\t\t<\/div>\n\t\t\t\t<\/div>\n\t\t\t\t\t<\/div>\n\t\t<\/div>\n\t\t\t\t\t<\/div>\n\t\t<\/section>\n\t\t\t\t\t<\/div>\n\t\t<\/div>\n\t\t\t\t\t<\/div>\n\t\t<\/section>\n\t\t\t\t<\/div>\n\t\t\n    <div class=\"xs_social_share_widget xs_share_url after_content \t\tmain_content  wslu-style-1 wslu-share-box-shaped wslu-fill-colored wslu-none wslu-share-horizontal wslu-theme-font-no wslu-main_content\">\n\n\t\t\n        <ul>\n\t\t\t        <\/ul>\n    <\/div> \n","protected":false},"excerpt":{"rendered":"<p>Agenda CASAP VIII Noviembre 03 al 05 de 2021 *Esta es una agenda inicial, se estar\u00e1 actualizando constantemente hasta el d\u00eda del evento con la inclusi\u00f3n de nuevos espacios! Contaremos con traducci\u00f3n simultanea CASAP VIII \u2013 D\u00eda 1 noviembre 3, 2021 CASAP VIII \u2013 D\u00eda 2 noviembre 4, 2021 CASAP VIII \u2013 D\u00eda 3 noviembre [&hellip;]<\/p>\n","protected":false},"author":1,"featured_media":0,"parent":0,"menu_order":0,"comment_status":"closed","ping_status":"closed","template":"template\/full-width-template.php","meta":{"inline_featured_image":false,"footnotes":""},"class_list":["post-15206","page","type-page","status-publish","hentry"],"_links":{"self":[{"href":"https:\/\/casap.science\/casap-2021\/wp-json\/wp\/v2\/pages\/15206","targetHints":{"allow":["GET"]}}],"collection":[{"href":"https:\/\/casap.science\/casap-2021\/wp-json\/wp\/v2\/pages"}],"about":[{"href":"https:\/\/casap.science\/casap-2021\/wp-json\/wp\/v2\/types\/page"}],"author":[{"embeddable":true,"href":"https:\/\/casap.science\/casap-2021\/wp-json\/wp\/v2\/users\/1"}],"replies":[{"embeddable":true,"href":"https:\/\/casap.science\/casap-2021\/wp-json\/wp\/v2\/comments?post=15206"}],"version-history":[{"count":41,"href":"https:\/\/casap.science\/casap-2021\/wp-json\/wp\/v2\/pages\/15206\/revisions"}],"predecessor-version":[{"id":15311,"href":"https:\/\/casap.science\/casap-2021\/wp-json\/wp\/v2\/pages\/15206\/revisions\/15311"}],"wp:attachment":[{"href":"https:\/\/casap.science\/casap-2021\/wp-json\/wp\/v2\/media?parent=15206"}],"curies":[{"name":"wp","href":"https:\/\/api.w.org\/{rel}","templated":true}]}}